{"id":5785,"date":"2023-09-27T14:43:31","date_gmt":"2023-09-27T14:43:31","guid":{"rendered":"https:\/\/biz.planmagic.com\/order\/?post_type=product&#038;p=5785"},"modified":"2025-03-27T01:31:08","modified_gmt":"2025-03-27T01:31:08","slug":"planmagic-business-espanol","status":"publish","type":"product","link":"https:\/\/biz.planmagic.com\/order\/product\/planmagic-business-espanol\/","title":{"rendered":"PlanMagic Business Espa\u00f1ol"},"content":{"rendered":"<p class=\"lead\"><strong>PlanMagic Business Espa\u00f1ol<\/strong> le proporciona un paquete completo para completar su plan de negocios y proyectar sus finanzas. La Edici\u00f3n Avanzada (AE) ofrece dos propuestas para inversores, un panel ejecutivo, an\u00e1lisis y escenarios de \u00faltima generaci\u00f3n, as\u00ed como una interesante gu\u00eda de marketing web. El paquete del plan de negocios incluye:<\/p>\n<ul>\n<li>Un plan de negocios <u><a href=\"https:\/\/planmagic.com\/business-plan-template\/business-plan-template.html\" target=\"_blank\" rel=\"noopener noreferrer\">bien escrito plantilla<\/a><\/u> (MS Word)<\/li>\n<li>Aplicaci\u00f3n de proyecciones financieras totalmente automatizada y cercana a la realidad (MS Excel)<\/li>\n<li>Una plantilla de presentaci\u00f3n de PowerPoint para su plan de negocios<\/li>\n<li><a href=\"https:\/\/planmagic.com\/investor-pitch\/investor-pitch-template.html\" target=\"_blank\" rel=\"noopener noreferrer\">Una presentaci\u00f3n en PowerPoint galardonada para inversionistas bellamente preparada (solo AE)<\/a><\/li>\n<li>Una gu\u00eda (plan) de negocios completa en l\u00ednea que cubre todos los temas relacionados<\/li>\n<li>Varias herramientas empresariales peque\u00f1as pero \u00fatiles<\/li>\n<\/ul>\n<h3 style=\"margin-top: 30px;\">Caracter\u00edsticas especiales<\/h3>\n<ul>\n<li><b>F\u00e1cil de usar: <\/b>Uso de t\u00e9rminos simples y comprensibles, claramente descritos.<\/li>\n<li><b>Asistente de impresi\u00f3n: <\/b>Las impresiones financieras comerciales est\u00e1n preformateadas en tama\u00f1o de papel Carta, Legal o A4.<\/li>\n<li><b>Impuesto sobre las ventas: <\/b>el departamento financiero maneja el impuesto sobre las ventas de EE. UU., el IVA, el GST o c\u00e1lculos similares.<\/li>\n<li><b>Varias monedas: <\/b>las finanzas pueden usar cualquier moneda y usted puede usar el multiplicador de tipo de cambio (solo AE) para actualizar r\u00e1pidamente todos los valores.<\/li>\n<li><b>Plantillas de planes de negocios: <\/b>Plantillas de planes de negocios espec\u00edficos para varias empresas.<\/li>\n<li><b>Estimaci\u00f3n de ventas: <\/b>Estimaci\u00f3n de ventas vers\u00e1til para la mayor\u00eda de productos y servicios. servicios.<\/li>\n<\/ul>\n<h3 style=\"margin-top: 20px; color: #cc0033;\">Lea todos los detalles y vea capturas de pantalla de PlanMagic Business en la p\u00e1gina <a href=\"https:\/\/planmagic.com\/plan-de-negocios\/plan-de-negocios.html\" target=\"_blank\" rel=\"noopener\">Detalles del plan de negocios<\/a><\/h3>\n","protected":false},"excerpt":{"rendered":"<p class=\"lead\"><strong>PlanMagic Business Espa\u00f1ol<\/strong> le proporciona un paquete completo para completar su plan de negocios y proyectar sus finanzas. La Edici\u00f3n Avanzada (AE) ofrece dos propuestas para inversores, un panel ejecutivo, an\u00e1lisis y escenarios de \u00faltima generaci\u00f3n, as\u00ed como una interesante gu\u00eda de marketing web. El paquete del plan de negocios incluye:<\/p>\n<p><strong>Requisitos m\u00ednimos:<\/strong> una computadora personal, port\u00e1til o de escritorio en la nube con MS Windows 7\/8\/10\/11 de 32\/64 bits y MS Office 2010-2023+\/365.<\/p>\n","protected":false},"featured_media":5791,"template":"","meta":{"ocean_post_layout":"","ocean_both_sidebars_style":"","ocean_both_sidebars_content_width":0,"ocean_both_sidebars_sidebars_width":0,"ocean_sidebar":"0","ocean_second_sidebar":"0","ocean_disable_margins":"enable","ocean_add_body_class":"","ocean_shortcode_before_top_bar":"","ocean_shortcode_after_top_bar":"","ocean_shortcode_before_header":"","ocean_shortcode_after_header":"","ocean_has_shortcode":"","ocean_shortcode_after_title":"","ocean_shortcode_before_footer_widgets":"","ocean_shortcode_after_footer_widgets":"","ocean_shortcode_before_footer_bottom":"","ocean_shortcode_after_footer_bottom":"","ocean_display_top_bar":"default","ocean_display_header":"default","ocean_header_style":"","ocean_center_header_left_menu":"0","ocean_custom_header_template":"0","ocean_custom_logo":0,"ocean_custom_retina_logo":0,"ocean_custom_logo_max_width":0,"ocean_custom_logo_tablet_max_width":0,"ocean_custom_logo_mobile_max_width":0,"ocean_custom_logo_max_height":0,"ocean_custom_logo_tablet_max_height":0,"ocean_custom_logo_mobile_max_height":0,"ocean_header_custom_menu":"0","ocean_menu_typo_font_family":"0","ocean_menu_typo_font_subset":"","ocean_menu_typo_font_size":0,"ocean_menu_typo_font_size_tablet":0,"ocean_menu_typo_font_size_mobile":0,"ocean_menu_typo_font_size_unit":"px","ocean_menu_typo_font_weight":"","ocean_menu_typo_font_weight_tablet":"","ocean_menu_typo_font_weight_mobile":"","ocean_menu_typo_transform":"","ocean_menu_typo_transform_tablet":"","ocean_menu_typo_transform_mobile":"","ocean_menu_typo_line_height":0,"ocean_menu_typo_line_height_tablet":0,"ocean_menu_typo_line_height_mobile":0,"ocean_menu_typo_line_height_unit":"","ocean_menu_typo_spacing":0,"ocean_menu_typo_spacing_tablet":0,"ocean_menu_typo_spacing_mobile":0,"ocean_menu_typo_spacing_unit":"","ocean_menu_link_color":"","ocean_menu_link_color_hover":"","ocean_menu_link_color_active":"","ocean_menu_link_background":"","ocean_menu_link_hover_background":"","ocean_menu_link_active_background":"","ocean_menu_social_links_bg":"","ocean_menu_social_hover_links_bg":"","ocean_menu_social_links_color":"","ocean_menu_social_hover_links_color":"","ocean_disable_title":"default","ocean_disable_heading":"default","ocean_post_title":"","ocean_post_subheading":"","ocean_post_title_style":"","ocean_post_title_background_color":"","ocean_post_title_background":0,"ocean_post_title_bg_image_position":"","ocean_post_title_bg_image_attachment":"","ocean_post_title_bg_image_repeat":"","ocean_post_title_bg_image_size":"","ocean_post_title_height":0,"ocean_post_title_bg_overlay":0.5,"ocean_post_title_bg_overlay_color":"","ocean_disable_breadcrumbs":"default","ocean_breadcrumbs_color":"","ocean_breadcrumbs_separator_color":"","ocean_breadcrumbs_links_color":"","ocean_breadcrumbs_links_hover_color":"","ocean_display_footer_widgets":"default","ocean_display_footer_bottom":"default","ocean_custom_footer_template":"0","osh_disable_topbar_sticky":"default","osh_disable_header_sticky":"default","osh_sticky_header_style":"default","osh_sticky_header_effect":"","osh_custom_sticky_logo":0,"osh_custom_retina_sticky_logo":0,"osh_custom_sticky_logo_height":0,"osh_background_color":"","osh_links_color":"","osh_links_hover_color":"","osh_links_active_color":"","osh_links_bg_color":"","osh_links_hover_bg_color":"","osh_links_active_bg_color":"","osh_menu_social_links_color":"","osh_menu_social_hover_links_color":""},"product_brand":[],"product_cat":[50],"product_tag":[54,53,55,126],"class_list":{"0":"post-5785","1":"product","2":"type-product","3":"status-publish","4":"has-post-thumbnail","6":"product_cat-business-plan-software","7":"product_tag-business-plan","8":"product_tag-business-plans","9":"product_tag-financial-projections","10":"product_tag-plan-de-negocios","12":"entry","13":"has-media","15":"first","16":"instock","17":"taxable","18":"shipping-taxable","19":"purchasable","20":"product-type-variable","21":"col","22":"span_1_of_4","23":"owp-content-center","24":"owp-thumbs-layout-horizontal","25":"owp-btn-normal","26":"owp-tabs-layout-horizontal","27":"has-no-thumbnails","28":"circle-sale"},"_links":{"self":[{"href":"https:\/\/biz.planmagic.com\/order\/wp-json\/wp\/v2\/product\/5785","targetHints":{"allow":["GET"]}}],"collection":[{"href":"https:\/\/biz.planmagic.com\/order\/wp-json\/wp\/v2\/product"}],"about":[{"href":"https:\/\/biz.planmagic.com\/order\/wp-json\/wp\/v2\/types\/product"}],"wp:featuredmedia":[{"embeddable":true,"href":"https:\/\/biz.planmagic.com\/order\/wp-json\/wp\/v2\/media\/5791"}],"wp:attachment":[{"href":"https:\/\/biz.planmagic.com\/order\/wp-json\/wp\/v2\/media?parent=5785"}],"wp:term":[{"taxonomy":"product_brand","embeddable":true,"href":"https:\/\/biz.planmagic.com\/order\/wp-json\/wp\/v2\/product_brand?post=5785"},{"taxonomy":"product_cat","embeddable":true,"href":"https:\/\/biz.planmagic.com\/order\/wp-json\/wp\/v2\/product_cat?post=5785"},{"taxonomy":"product_tag","embeddable":true,"href":"https:\/\/biz.planmagic.com\/order\/wp-json\/wp\/v2\/product_tag?post=5785"}],"curies":[{"name":"wp","href":"https:\/\/api.w.org\/{rel}","templated":true}]}}